{"id":5653047,"date":"2019-06-20T14:24:50","date_gmt":"2019-06-20T14:24:50","guid":{"rendered":"https:\/\/maravilhasdogeres.pt\/casa-da-fonte\/?page_id=5653047"},"modified":"2019-06-22T13:22:25","modified_gmt":"2019-06-22T13:22:25","slug":"reservas","status":"publish","type":"page","link":"https:\/\/maravilhasdogeres.pt\/casa-da-fonte\/reservas\/","title":{"rendered":"Reservas"},"content":{"rendered":"<h4><\/h4>\n<h4>O Ger\u00eas espera por si, e n\u00f3s pela sua estadia!<\/h4>\n<p>Obrigado por preferir a Casa da Fonte como o seu alojamento de elei\u00e7\u00e3o para f\u00e9rias ou escapadinha da cidade.<\/p>\n\n\n","protected":false},"excerpt":{"rendered":"<p>O Ger\u00eas espera por si, e n\u00f3s pela sua estadia! Obrigado por preferir a&#8230;<\/p>\n","protected":false},"author":1,"featured_media":5653070,"parent":0,"menu_order":0,"comment_status":"closed","ping_status":"closed","template":"","meta":{"footnotes":""},"class_list":["post-5653047","page","type-page","status-publish","has-post-thumbnail","hentry"],"_links":{"self":[{"href":"https:\/\/maravilhasdogeres.pt\/casa-da-fonte\/wp-json\/wp\/v2\/pages\/5653047","targetHints":{"allow":["GET"]}}],"collection":[{"href":"https:\/\/maravilhasdogeres.pt\/casa-da-fonte\/wp-json\/wp\/v2\/pages"}],"about":[{"href":"https:\/\/maravilhasdogeres.pt\/casa-da-fonte\/wp-json\/wp\/v2\/types\/page"}],"author":[{"embeddable":true,"href":"https:\/\/maravilhasdogeres.pt\/casa-da-fonte\/wp-json\/wp\/v2\/users\/1"}],"replies":[{"embeddable":true,"href":"https:\/\/maravilhasdogeres.pt\/casa-da-fonte\/wp-json\/wp\/v2\/comments?post=5653047"}],"version-history":[{"count":16,"href":"https:\/\/maravilhasdogeres.pt\/casa-da-fonte\/wp-json\/wp\/v2\/pages\/5653047\/revisions"}],"predecessor-version":[{"id":5653210,"href":"https:\/\/maravilhasdogeres.pt\/casa-da-fonte\/wp-json\/wp\/v2\/pages\/5653047\/revisions\/5653210"}],"wp:featuredmedia":[{"embeddable":true,"href":"https:\/\/maravilhasdogeres.pt\/casa-da-fonte\/wp-json\/wp\/v2\/media\/5653070"}],"wp:attachment":[{"href":"https:\/\/maravilhasdogeres.pt\/casa-da-fonte\/wp-json\/wp\/v2\/media?parent=5653047"}],"curies":[{"name":"wp","href":"https:\/\/api.w.org\/{rel}","templated":true}]}}